 2183.
59
What is the highest common factor of 249 and 332?
83
What is the highest common divisor of 322 and 14?
14
Calculate the greatest common factor of 1675 and 50.
25
What is the highest common divisor of 29 and 10817?
29
What is the greatest common divisor of 1426 and 682?
62
What is the highest common divisor of 456 and 72?
24
Calculate the greatest common divisor of 182 and 221.
13
Calculate the highest common divisor of 1330 and 4480.
70
What is the greatest common factor of 6 and 12?
6
Calculate the greatest common divisor of 42 and 4011.
21
What is the highest common factor of 682 and 496?
62
What is the greatest common factor of 22 and 2475?
11
What is the greatest common divisor of 140 and 490?
70
Calculate the greatest common factor of 27 and 387.
9
Calculate the greatest common divisor of 95 and 114.
19
Calculate the highest common factor of 516 and 96.
12
What is the greatest common divisor of 3 and 81?
3
Calculate the greatest common divisor of 871 and 117.
13
What is the greatest common factor of 9 and 375?
3
What is the greatest common factor of 140 and 2212?
28
What is the greatest common factor of 430 and 5246?
86
What is the greatest common factor of 23 and 391?
23
What is the highest common factor of 65 and 91?
13
What is the highest common factor of 36 and 1716?
12
Calculate the highest common divisor of 160 and 184.
8
What is the greatest common factor of 5 and 9?
1
What is the highest common factor of 27 and 3051?
27
Calculate the greatest common divisor of 30 and 4.
2
Calculate the greatest common divisor of 4491 and 9.
9
What is the highest common factor of 15 and 1510?
5
Calculate the greatest common divisor of 4379 and 755.
151
What is the greatest common factor of 33 and 231?
33
Calculate the highest common divisor of 14208 and 64.
64
Calculate the greatest common divisor of 603 and 9.
9
What is the highest common divisor of 2821 and 546?
91
What is the greatest common factor of 40 and 220?
20
What is the greatest common divisor of 336 and 42?
42
Calculate the highest common factor of 1080 and 3480.
120
Calculate the highest common divisor of 3507 and 21.
21
What is the greatest common divisor of 840 and 315?
105
What is the highest common factor of 2244 and 264?
132
Calculate the greatest common factor of 2664 and 72.
72
Calculate the highest common divisor of 28709 and 19.
19
What is the highest common divisor of 2915 and 110?
55
Calculate the greatest common factor of 122 and 16348.
122
Calculate the greatest common factor of 6 and 48.
6
Calculate the greatest common factor of 693 and 63.
63
Calculate the greatest common divisor of 618 and 12051.
309
What is the greatest common factor of 25 and 200?
25
Calculate the highest common factor of 20 and 1390.
10
What is the highest common factor of 230 and 330?
10
Calculate the greatest common divisor of 130 and 10.
10
Calculate the greatest common divisor of 1040 and 120.
40
Calculate the highest common factor of 10 and 41940.
10
Calculate the highest common divisor of 119 and 34.
17
What is the greatest common factor of 34 and 187?
17
What is the greatest common factor of 25 and 625?
25
Calculate the greatest common divisor of 12061 and 21.
7
Calculate the highest common factor of 74 and 59.
1
Calculate the greatest common divisor of 779 and 451.
41
What is the greatest common factor of 8 and 196?
4
What is the greatest common factor of 2025 and 81?
81
What is the greatest common divisor of 60 and 108?
12
What is the highest common factor of 30 and 7914?
6
What is the highest common divisor of 12 and 8826?
6
What is the greatest common divisor of 756 and 18?
18
What is the greatest common divisor of 5 and 34?
1
Calculate the greatest common factor of 10 and 85.
5
Calculate the greatest common factor of 13 and 377.
13
Calculate the highest common divisor of 56 and 11116.
28
Calculate the greatest common factor of 209 and 44.
11
Calculate the highest common factor of 2214 and 82.
82
What is the greatest common divisor of 432 and 90?
18
Calculate the highest common divisor of 2673 and 99.
99
Calculate the greatest common divisor of 341 and 44.
11
What is the greatest common divisor of 100 and 11150?
50
What is the highest common divisor of 42 and 273?
21
Calculate the highest common factor of 27 and 81243.
27
Calculate the greatest common divisor of 6 and 8.
2
What is the greatest common factor of 107 and 1177?
107
Calculate the greatest common divisor of 3650 and 292.
146
Calculate the highest common divisor of 520 and 845.
65
Calculate the highest common factor of 212 and 44.
4
What is the highest common divisor of 109 and 3?
1
What is the greatest common divisor of 546 and 195?
39
Calculate the greatest common divisor of 16 and 412.
4
Calculate the greatest common factor of 667 and 23.
23
Calculate the greatest common factor of 716 and 4.
4
What is the greatest common divisor of 5 and 2195?
5
What is the highest common factor of 3103 and 29?
29
What is the highest common factor of 6 and 8970?
6
Calculate the greatest common factor of 4 and 268.
4
What is the highest common factor of 144 and 198?
18
Calculate the greatest common factor of 93 and 1581.
93
Calculate the highest common factor of 533 and 3895.
41
What is the highest common divisor of 7 and 203?
7
Calculate the highest common divisor of 430 and 258.
86
What is the greatest common divisor of 65 and 50?
5
What is the highest common divisor of 36 and 8748?
36
What is the highest common factor of 80 and 100?
20
Calculate the highest common factor of 182 and 42.
14
Calculate the highest common divisor of 264 and 66.
66
What is the highest common divisor of 1420 and 60?
20
Calculate the highest common divisor of 820 and 260.
20
Calculate the highest common divisor of 920 and 3320.
40
Calculate the highest common divisor of 17 and 238.
17
What is the greatest common factor of 322 and 126?
14
Calculate the highest common divisor of 858 and 4422.
66
What is the highest common divisor of 6 and 1626?
6
What is the highest common factor of 160 and 880?
80
What is the highest common divisor of 43 and 43?
43
Calculate the greatest common divisor of 666 and 370.
74
Calculate the greatest common factor of 150 and 615.
15
What is the highest common factor of 1690 and 390?
130
What is the highest common divisor of 2 and 502?
2
What is the greatest common divisor of 162 and 72?
18
What is the greatest common divisor of 608 and 38?
38
What is the greatest common factor of 65 and 4927?
13
Calculate the greatest common divisor of 93 and 155.
31
What is the highest common divisor of 1280 and 36?
4
What is the highest common divisor of 24 and 348?
12
Calculate the highest common factor of 27 and 1026.
27
What is the greatest common divisor of 4 and 64?
4
What is the highest common divisor of 198 and 3036?
66
What is the greatest common factor of 3084 and 12?
12
Calculate the highest common factor of 18 and 2.
2
Calculate the greatest common factor of 1500 and 24.
12
What is the highest common divisor of 973 and 5560?
139
Calculate the highest common divisor of 35 and 742.
7
Calculate the highest common divisor of 6 and 23.
1
Calculate the highest common divisor of 6181 and 7.
7
Calculate the greatest common divisor of 6136 and 8.
8
What is the greatest common divisor of 90 and 72?
18
Calculate the highest common factor of 869 and 79.
79
Calculate the greatest common factor of 6 and 26.
2
Calculate the highest common divisor of 32 and 496.
16
Calculate the greatest common factor of 38 and 247.
19
Calculate the highest common factor of 104 and 39.
13
Calculate the greatest common divisor of 1664 and 442.
26
What is the greatest common factor of 2352 and 96?
48
What is the greatest common factor of 1816 and 1135?
227
What is the highest common factor of 13 and 11947?
13
What is the highest common divisor of 212 and 2809?
53
Calculate the highest common factor of 171 and 27.
9
What is the highest common divisor of 7464 and 48?
24
What is the highest common divisor of 10 and 37?
1
Calculate the highest common factor of 3 and 231.
3
What is the highest common factor of 54 and 2?
2
Calculate the highest common factor of 360 and 30.
30
Calculate the highest common divisor of 15 and 640.
5
Calculate the greatest common divisor of 